be y(-17). Let j be (-14)/(-4)*(x + -11). Let z(m) = m + 1. Determine z(j).
8
Let r(p) = 0 + 99*p**2 + 3 - 102*p**2 + 3. Calculate r(-2).
-6
Let h = -100 + 97. Let b(y) be the second derivative of -y**4/12 - y**3/3 - y**2/2 + 4*y. Give b(h).
-4
Let z(v) = 6*v + 9. Let o(x) = x + 4. Let m(s) = 5*o(s) - z(s). Determine m(7).
4
Let x be (-2)/(-2 - 0)*-4. Let k(p) = -2*p + 4. Let h(c) = -c + 4*c - 4*c + 2. Let a(s) = x*k(s) + 9*h(s). What is a(-4)?
6
Let w(c) = -c**3 - c**2 + 1. Suppose 3*k - 11 + 2 = 0. Let x be (-10 - -7)*k/(11 - 2). What is w(x)?
1
Let i = -93 - -97. Suppose -3 = -a - i. Let o(y) = -18*y. Calculate o(a).
18
Let n(t) = 12*t - 50. Let a(r) = 58*r - 240. Let v(j) = -5*a(j) + 24*n(j). Let h(u) = -u - 7. Let s be h(-5). What is v(s)?
4
Let j = 25 - 13. Let r = 1 + 8. Let v be (-16)/j*r/(-6). Let p(m) = -3*m. What is p(v)?
-6
Let i be (3 - 0)/(-3) - -3*27. Let z = i - 76. Let d(w) = w**3 - 5*w**2 + 2*w + 5. Give d(z).
-3
Let l(o) = -o**2 - o + 1. Let b(x) = -x - 7. Let k = 12 - 22. Let j be b(k). Calculate l(j).
-11
Let o = -514 + 511. Let a(l) be the third derivative of l**5/60 + l**4/6 + l**3/2 - l**2. Determine a(o).
0
Let l be (-330)/3630 - 2/(-22)*-65. Let o(h) = -h**3 - 5*h**2 + 3*h - 14. Calculate o(l).
4
Let v(h) = -5*h + 4. Let k(o) = -4*o + 3. Let i = -9 + 6. Let b(p) = i*v(p) + 4*k(p). Determine b(6).
-6
Let g(m) = -3 - 2*m**2 + 133*m**3 - 134*m**3 + 1. Let u = -7 + 9. Determine g(u).
-18
Let k(b) be the third derivative of b**6/120 - 13*b**5/60 + b**4/12 + b**3 + 219*b**2 + 2*b. What is k(13)?
32
Let d be -15 - -18 - (2 - -4). Let t(q) = 2*q**3 + 8*q**2 - q + 17. Let s(m) = -m**3 - 4*m**2 + m - 9. Let r(j) = 11*s(j) + 6*t(j). Determine r(d).
-3
Let d(n) = 1120*n + 6 - 1124*n - 3 + n**2. Determine d(6).
15
Let r(f) be the first derivative of f**3/3 - 5*f**2 - 2*f - 151. What is r(6)?
-26
Let i(s) = -4*s. Let g(j) = -3*j + 12*j - j. Let t(q) = 2*g(q) + 5*i(q). Determine t(-3).
12
Suppose -p + 2 = -4. Suppose -p*u + 0*u = -6. Let g(n) = -2*n**3 + n - 1. Determine g(u).
-2
Let t(l) be the first derivative of -13 - 2*l + 4/3*l**3 + 0*l**2 + 1/4*l**4. Calculate t(-4).
-2
Let s(b) = b**3 - 13*b**2 + 12*b - 6. Suppose -20*v + 300 = 5*v. Give s(v).
-6
Let x(u) = u - 14. Suppose -i + 35 = 5*h, h - 3*i + 5*i - 7 = 0. Give x(h).
-7
Suppose -17 + 7 = 10*t. Let d(k) = -2*k + 1 + 18*k**2 + 6*k - 3*k + 0*k. Determine d(t).
18
Let u(w) = -994*w + 995*w - 9 + 11. Suppose -3*h - 16 = h. What is u(h)?
-2
Let u(k) = 26*k + 639. Let s be u(-24). Let h(m) = 3*m - 44. Calculate h(s).
1
Let k(v) = -15*v + 81. Let u be k(5). Let a(c) = c**3 - 7*c**2 + 7*c + 1. Calculate a(u).
7
Let f(n) = n**2 + 8*n - 3. Let b = 57 + -53. Suppose 0 = 4*j - l - b*l + 39, -j - 3*l + 3 = 0. Determine f(j).
-15
Let g(l) = l**3 + 0*l**3 + 4*l + 0*l**3 + 0*l**3 - 13*l**2 + 6*l**2 - 16. Determine g(7).
12
Suppose 5*o + 112 = 9*o. Suppose 0 = 5*w - 3 + o. Let y(v) = v**2 + 4*v. Calculate y(w).
5
Let c(i) = i + 6. Let x(j) = j + 5. Let w(d) = -5*c(d) + 6*x(d). Let y(r) = -160*r + 634. Let l be y(4). Calculate w(l).
-6
Let a be ((-80)/50)/(((-112)/60)/7). Let i(p) be the first derivative of 3/2*p**2 + 14 - a*p. Calculate i(5).
9
Let f(h) = 8*h - 166. Let b be f(22). Let m(r) = r**2 - 9*r + 10. What is m(b)?
20
Let w(l) = -71*l**3 + 17*l**2 - 6 + 17*l + 72*l**3 + 13*l**2 - 48*l. Calculate w(-31).
-6
Let o(c) be the third derivative of -c**4/24 + 17*c**3/6 + 8*c**2. Let d be o(11). Let y(x) = -x**2 - 4 + 7 - 1 + 7*x. Determine y(d).
8
Let x(l) be the first derivative of l**3/3 + 11*l**2/2 + 29*l + 42. Let y be x(-7). Let m(r) = 3 - 4 - 5*r**3 + 2*r**3. What is m(y)?
-4
Let q(u) = 58*u**2 + 53*u + 29. Let r(x) = -9*x**2 - 9*x - 5. Let g(y) = -2*q(y) - 13*r(y). What is g(-7)?
-21
Suppose -51 = 2*d - 69. Let v(h) = -2*h + 2 - 4 + 8*h - d*h. Calculate v(3).
-11
Suppose -5*y + 20 = 0, 0*n - n - 5*y + 22 = 0. Let l(f) = 5 - 3 + 1 - f - n*f. Determine l(2).
-3
Let m = 25 - 55. Let b = 36 + m. Suppose -b*a + 10*a = -24. Let v(n) = -n**3 - 7*n**2 - 8*n - 2. Calculate v(a).
10
Let i(s) = 0*s**2 - 2 - 6*s + s + 3*s - s**2. Suppose -3*v = -4*y + 24, -3*v - 28 = -4*y + v. Determine i(y).
-17
Let l(a) = a**3 - 2*a + 11. Let c be l(0). Let k(i) = 10 - 19 + c - i. What is k(2)?
0
Let k(c) = c**2 - 6*c + 8. Suppose 8*v - 17*v = -36. Calculate k(v).
0
Let y(n) = -305 + 0*n - n + 889 - 297 - 295. Calculate y(9).
-17
Suppose -5*t - 5 = 5*g, -10 + 25 = -3*g. Suppose 3*l - 2 = 7*l - 3*m, -l - 7 = -t*m. Let f(o) = 6*o - 1 + 2*o - 7*o. Calculate f(l).
0
Suppose -3*i = 5*h - 18 - 26, 3*i = 4*h - 19. Let u(b) = b**3 - 7*b**2 - 9*b + 11. What is u(h)?
-52
Let o(l) = 20 - 6 + 76*l**2 - 74*l**2 - 17*l**2 + l**3. What is o(15)?
14
Let f be (-1)/(55/(-66)*(-3)/20). Let n be (-175)/(-28) + 2/f. Let r(b) = -b - 4. What is r(n)?
-10
Let p(l) = l**3 - 9*l**2 - 11*l + 11. Let z be p(10). Let i be (1 + z)*(5 - (-26)/(-4)). Let g(b) = -3*b**2 - b + 4. What is g(i)?
-20
Suppose -5*q = -10*q + 10. Suppose -11*n + 5*n + 18 = 0. Let g(u) = -2 + n*u**q + u + 3*u - 5*u + 2*u**3. Give g(-2).
-4
Suppose -4*p - 4*n = -0*n + 20, 3*p - n + 19 = 0. Let g(q) = -9*q - 47. Let d be g(p). Let h(s) = -3*s + 7. Give h(d).
-14
Let l(u) = 8*u - 4*u + 3 - 1 - u**2 + 3. Suppose -5*s - 2*z = 2*z + 11, -4*s - 2*z = 4. Suppose y + 0 = s, -4*h + 3*y + 21 = 0. Calculate l(h).
-7
Let u = -4 + -2. Let z be (u/8)/(2/(-8)). Let y(n) = 2 + 3*n - n - z*n + 1. Give y(-4).
7
Let w(r) = -2*r**3 + 19*r**2 - 24*r + 1. Let x be w(8). Let g(s) = 10*s - 1. What is g(x)?
9
Let r(w) = 4*w + 12*w**3 - w**3 - 6*w**3 - 1 - 4*w**2 - 4*w**3. Suppose 2*i = 3*c - 18, 2*i - 6*i = -3*c + 24. Determine r(c).
15
Let z = -10 + 2. Let q(n) be the second derivative of n**3/6 + 17*n**2/2 - 130*n. Calculate q(z).
9
Let i(r) = -r**3 + 8*r**2 + 8*r + 9. Let d(n) = n + 4. Let z be d(5). Let s be i(z). Let f(w) = -659*w**2 - 1 + 660*w**2 + 0. What is f(s)?
-1
Let g(w) = -1063*w**3 + 323 - 3*w - 326 + 6*w**2 + 1064*w**3. Let l(a) = 2*a. Let b be l(-3). Determine g(b).
15
Let h(w) be the third derivative of -w**5/60 - w**4/4 - 2*w**3/3 - 3*w**2. Suppose 5*j = -2*q - 25, 33*j + 5*q = 37*j + 20. Calculate h(j).
1
Let n(v) = 3*v**2 + 25*v + 15. Let h(f) = 5*f**2 + 1. Let k(b) = -h(b) + n(b). Calculate k(13).
1
Let z(l) = 41*l + 5. Let g(u) = 8*u + 1. Let m(r) = 11*g(r) - 2*z(r). Let v be (-2 + 1)/(10/(-70)). Let y be (v + -5)*3/(-6). Give m(y).
-5
Let c(u) be the third derivative of u**5/30 - 5*u**4/24 + 3*u**3/2 + 13*u**2. Let s(a) = a**2 - 3*a + 5. Let h(p) = -3*c(p) + 5*s(p). Give h(-2).
-6
Let t be (0 - -1 - (-1 - -4))/(-1). Let y be -3 - (1 + (-14)/t). Let i(d) = 2*d - 3. Give i(y).
3
Let v be -4*39/26*1/(-2). Let f(u) = -u**3 + 4*u**2 - 3*u - 4. Determine f(v).
-4
Suppose 8*x - 4*x + 2*h - 14 = 0, 0 = -2*x - 4*h + 10. Let c(k) be the second derivative of 2*k - 1/6*k**x + 0 + k**2. What is c(5)?
-3
Suppose 12*v = 11*v - 5*f + 30, -5*v + 30 = -5*f. Let x(j) = j**2 - 10*j - 5. What is x(v)?
-5
Suppose 45*l - 49*l = -20. Let u(k) = -6*k + 11. Give u(l).
-19
Suppose 0 = h - 7*h - 30. Let c(r) = -3*r**2 + 6*r + 1. Let g(f) = -7*f**2 + 13*f + 3. Let u(k) = h*c(k) + 2*g(k). Determine u(4).
1
Let p(m) = m**2 - 12*m - 1. Let b(w) = -8*w**2 - w - 6. Let t be b(0). Let j(c) = 8*c + 60. Let k be j(t). Give p(k).
-1
Suppose s + 19 = -3*d - 0*s, 5*d - 4*s + 43 = 0. Let t(j) = 4*j**3 - 6*j**2 + 7*j - 12. Let z(k) = -k**3 + 1. Let o(u) = -t(u) - 5*z(u). Give o(d).
7
Let t(d) = -5*d + 37 - d**2 - 20 - 23. Let h be t(-5). Let z(o) = 5*o**2 - 8 + 0*o**2 + o**3 + o**2. Give z(h).
-8
Suppose 0 = -0*o + 3*o. Suppose o = -d + 21 - 17. Suppose -5*a - 10 = 0, 0*a = -d*j + 2*a - 8. Let s(i) = i**3 + 5*i**2 + 2*i - 4. Calculate s(j).
8
Let s(v) = 1. Let a(d) = -6*d + 7. Let k(u) = -a(u) + 6*s(u). Suppose 0*l - l = -1. Suppose -5 = -2*w - l. Determine k(w).
11
Suppose 0 = -16*d - 18 + 2. Let t(f) = 2*f - 15. Let w be t(12). Let q(v) = w + 5*v - 2*v - 8. Calculate q(d).
-2
Let o(n) = -n**2 + 7*n - 7. Let y be o(5). Let d(h) = 2*h. Let f(i) = i. Let t(q) = y*d(q) - 4*f(q). Suppose -5*c + 2*k = -30, 0*c - c + 19 = -3*k. Give t(c).
8
Let q(c) = -c**2 - 11*c + 8. Let b(d) = -d**2 - 10*d + 9. Let k(m) = 4*b(m) - 3*q(m). Give k(-9).
-6
Let a(n) = -3*n - 14. Let u be (-5 - 45/(-10))*6*1. Let d(j) = -j - 5